{"id":62,"date":"2021-04-20T16:42:32","date_gmt":"2021-04-20T14:42:32","guid":{"rendered":"https:\/\/www.pfadfinder-ms.de\/?page_id=62"},"modified":"2026-03-15T22:04:42","modified_gmt":"2026-03-15T21:04:42","slug":"ueber-uns","status":"publish","type":"page","link":"https:\/\/www.pfadfinder-ms.de\/?page_id=62","title":{"rendered":"\u00dcber uns"},"content":{"rendered":"\n<h3 class=\"wp-block-heading\">Natur entdecken &amp; Neues erleben<\/h3>\n\n\n\n<p>Pfadfinder*innen sind st\u00e4ndig unterwegs &#8211; raus aus dem Alltag, rein in die Natur. In unseren Gruppenstunden treffen wir uns w\u00f6chentlich mit Gleichaltrigen und spielen, lernen, basteln, entdecken und verbringen gemeinsam eine sch\u00f6ne und abwechslungsreiche Zeit. Au\u00dferdem gehen wir gerne auf Fahrt oder nehmen an Zeltlagern teil.<\/p>\n\n\n\n<p><\/p>\n\n\n\n<div class=\"wp-block-media-text alignwide has-media-on-the-right is-stacked-on-mobile\" style=\"grid-template-columns:auto 25%\"><figure class=\"wp-block-media-text__media\"><img loading=\"lazy\" decoding=\"async\" width=\"309\" height=\"352\" src=\"https:\/\/www.pfadfinder-ms.de\/wp-content\/uploads\/2021\/04\/WhatsApp-Image-2020-12-15-at-16.35.47--e1619112772453.jpg\" alt=\"\" class=\"wp-image-236 size-full\" srcset=\"https:\/\/www.pfadfinder-ms.de\/wp-content\/uploads\/2021\/04\/WhatsApp-Image-2020-12-15-at-16.35.47--e1619112772453.jpg 309w, https:\/\/www.pfadfinder-ms.de\/wp-content\/uploads\/2021\/04\/WhatsApp-Image-2020-12-15-at-16.35.47--e1619112772453-263x300.jpg 263w\" sizes=\"auto, (max-width: 309px) 100vw, 309px\" \/><\/figure><div class=\"wp-block-media-text__content\">\n<h3 class=\"wp-block-heading\">Unsere Geschichte<\/h3>\n\n\n\n<p>Unsere Ortsgruppe in M\u00fcnster hei\u00dft &#8218;totila&#8216;. Totila war ein K\u00f6nig der Ostgoten und hat bis zum Jahre 550 fast ganz Italien zur\u00fcck erobern k\u00f6nnen. Damit gelang ein riesiges Comeback. Warum unser Stamm im Jahre 1948 genau nach ihm benannt wurde, ist leider nicht mehr bekannt.<\/p>\n<\/div><\/div>\n\n\n\n<h3 class=\"wp-block-heading\"><a href=\"https:\/\/www.pfadfinden.de\/\" data-type=\"URL\" data-id=\"https:\/\/www.pfadfinden.de\/\">Bund der Pfadfinderinnen und Pfadfinder<\/a><\/h3>\n\n\n\n<p>Der BdP ist der gr\u00f6\u00dfte interkonfesionielle Verband f\u00fcr Pfadfinderinnen und Pfadfinder in Deutschland. Wir arbeiten ehrenamtlich und finanzieren und aus Mitgliedsbeitr\u00e4gen, Spenden und \u00f6ffentlichen Zuwendungen. Wir als Stamm &#8218;totila&#8216; sind eine von 250 BdP-Gruppen, die uns zum Teil der gr\u00f6\u00dften Jugendbewegung der Welt in fast allen L\u00e4ndern der Erde macht.<\/p>\n\n\n\n<p>Der&nbsp;<strong>Bund der Pfadfinderinnen und Pfadfinder (BdP)<\/strong>&nbsp;ist Teil der Weltorganisationen der Pfadfinder*innen, mit rund 40 Millionen Mitgliedern ist sie heute die gr\u00f6\u00dfte Jugendbewegung der Welt. Wir wollen als verantwortliche B\u00fcrgerinnen und B\u00fcrger eine demokratische, weltoffene Gesellschaft mitgestalten und mittragen.<br>Wir freuen uns, wenn weitere junge Menschen und aktive Erwachsene bei uns mitmachen. Dabei machen wir keinen Unterschied, welcher Nationalit\u00e4t, Hautfarbe, Religion oder sozialer Herkunft sie sind.<br>Der BdP ist in ganz Deutschland t\u00e4tig. <\/p>\n","protected":false},"excerpt":{"rendered":"<p>Natur entdecken &amp; Neues erleben Pfadfinder*innen sind st\u00e4ndig unterwegs &#8211; raus aus dem Alltag, rein in die Natur. In unseren Gruppenstunden treffen wir uns w\u00f6chentlich mit Gleichaltrigen und spielen, lernen, basteln, entdecken und verbringen gemeinsam eine sch\u00f6ne und abwechslungsreiche Zeit. Au\u00dferdem gehen wir gerne auf Fahrt oder nehmen an Zeltlagern teil. Unsere Geschichte Unsere Ortsgruppe [&hellip;]<\/p>\n","protected":false},"author":1,"featured_media":866,"parent":0,"menu_order":0,"comment_status":"closed","ping_status":"closed","template":"","meta":{"footnotes":""},"class_list":["post-62","page","type-page","status-publish","has-post-thumbnail","hentry"],"yoast_head":"<!-- This site is optimized with the Yoast SEO plugin v24.6 - https:\/\/yoast.com\/wordpress\/plugins\/seo\/ -->\n<title>\u00dcber uns - BdP Stamm `totila\u00b4<\/title>\n<meta name=\"robots\" content=\"index, follow, max-snippet:-1, max-image-preview:large, max-video-preview:-1\" \/>\n<link rel=\"canonical\" href=\"https:\/\/www.pfadfinder-ms.de\/?page_id=62\" \/>\n<meta property=\"og:locale\" content=\"de_DE\" \/>\n<meta property=\"og:type\" content=\"article\" \/>\n<meta property=\"og:title\" content=\"\u00dcber uns - BdP Stamm `totila\u00b4\" \/>\n<meta property=\"og:description\" content=\"Natur entdecken &amp; Neues erleben Pfadfinder*innen sind st\u00e4ndig unterwegs &#8211; raus aus dem Alltag, rein in die Natur. In unseren Gruppenstunden treffen wir uns w\u00f6chentlich mit Gleichaltrigen und spielen, lernen, basteln, entdecken und verbringen gemeinsam eine sch\u00f6ne und abwechslungsreiche Zeit. Au\u00dferdem gehen wir gerne auf Fahrt oder nehmen an Zeltlagern teil. Unsere Geschichte Unsere Ortsgruppe [&hellip;]\" \/>\n<meta property=\"og:url\" content=\"https:\/\/www.pfadfinder-ms.de\/?page_id=62\" \/>\n<meta property=\"og:site_name\" content=\"BdP Stamm `totila\u00b4\" \/>\n<meta property=\"article:modified_time\" content=\"2026-03-15T21:04:42+00:00\" \/>\n<meta property=\"og:image\" content=\"https:\/\/www.pfadfinder-ms.de\/wp-content\/uploads\/2025\/03\/DSC3021-scaled.jpg\" \/>\n\t<meta property=\"og:image:width\" content=\"2560\" \/>\n\t<meta property=\"og:image:height\" content=\"1704\" \/>\n\t<meta property=\"og:image:type\" content=\"image\/jpeg\" \/>\n<meta name=\"twitter:card\" content=\"summary_large_image\" \/>\n<meta name=\"twitter:label1\" content=\"Gesch\u00e4tzte Lesezeit\" \/>\n\t<meta name=\"twitter:data1\" content=\"2\u00a0Minuten\" \/>\n<script type=\"application\/ld+json\" class=\"yoast-schema-graph\">{\"@context\":\"https:\/\/schema.org\",\"@graph\":[{\"@type\":\"WebPage\",\"@id\":\"https:\/\/www.pfadfinder-ms.de\/?page_id=62\",\"url\":\"https:\/\/www.pfadfinder-ms.de\/?page_id=62\",\"name\":\"\u00dcber uns - BdP Stamm `totila\u00b4\",\"isPartOf\":{\"@id\":\"https:\/\/www.pfadfinder-ms.de\/#website\"},\"primaryImageOfPage\":{\"@id\":\"https:\/\/www.pfadfinder-ms.de\/?page_id=62#primaryimage\"},\"image\":{\"@id\":\"https:\/\/www.pfadfinder-ms.de\/?page_id=62#primaryimage\"},\"thumbnailUrl\":\"https:\/\/www.pfadfinder-ms.de\/wp-content\/uploads\/2025\/03\/DSC3021-scaled.jpg\",\"datePublished\":\"2021-04-20T14:42:32+00:00\",\"dateModified\":\"2026-03-15T21:04:42+00:00\",\"breadcrumb\":{\"@id\":\"https:\/\/www.pfadfinder-ms.de\/?page_id=62#breadcrumb\"},\"inLanguage\":\"de\",\"potentialAction\":[{\"@type\":\"ReadAction\",\"target\":[\"https:\/\/www.pfadfinder-ms.de\/?page_id=62\"]}]},{\"@type\":\"ImageObject\",\"inLanguage\":\"de\",\"@id\":\"https:\/\/www.pfadfinder-ms.de\/?page_id=62#primaryimage\",\"url\":\"https:\/\/www.pfadfinder-ms.de\/wp-content\/uploads\/2025\/03\/DSC3021-scaled.jpg\",\"contentUrl\":\"https:\/\/www.pfadfinder-ms.de\/wp-content\/uploads\/2025\/03\/DSC3021-scaled.jpg\",\"width\":2560,\"height\":1704},{\"@type\":\"BreadcrumbList\",\"@id\":\"https:\/\/www.pfadfinder-ms.de\/?page_id=62#breadcrumb\",\"itemListElement\":[{\"@type\":\"ListItem\",\"position\":1,\"name\":\"Startseite\",\"item\":\"https:\/\/www.pfadfinder-ms.de\/\"},{\"@type\":\"ListItem\",\"position\":2,\"name\":\"\u00dcber uns\"}]},{\"@type\":\"WebSite\",\"@id\":\"https:\/\/www.pfadfinder-ms.de\/#website\",\"url\":\"https:\/\/www.pfadfinder-ms.de\/\",\"name\":\"BdP Stamm `totila\u00b4\",\"description\":\"Aktionsberichte\",\"potentialAction\":[{\"@type\":\"SearchAction\",\"target\":{\"@type\":\"EntryPoint\",\"urlTemplate\":\"https:\/\/www.pfadfinder-ms.de\/?s={search_term_string}\"},\"query-input\":{\"@type\":\"PropertyValueSpecification\",\"valueRequired\":true,\"valueName\":\"search_term_string\"}}],\"inLanguage\":\"de\"}]}<\/script>\n<!-- \/ Yoast SEO plugin. -->","yoast_head_json":{"title":"\u00dcber uns - BdP Stamm `totila\u00b4","robots":{"index":"index","follow":"follow","max-snippet":"max-snippet:-1","max-image-preview":"max-image-preview:large","max-video-preview":"max-video-preview:-1"},"canonical":"https:\/\/www.pfadfinder-ms.de\/?page_id=62","og_locale":"de_DE","og_type":"article","og_title":"\u00dcber uns - BdP Stamm `totila\u00b4","og_description":"Natur entdecken &amp; Neues erleben Pfadfinder*innen sind st\u00e4ndig unterwegs &#8211; raus aus dem Alltag, rein in die Natur. In unseren Gruppenstunden treffen wir uns w\u00f6chentlich mit Gleichaltrigen und spielen, lernen, basteln, entdecken und verbringen gemeinsam eine sch\u00f6ne und abwechslungsreiche Zeit. Au\u00dferdem gehen wir gerne auf Fahrt oder nehmen an Zeltlagern teil. Unsere Geschichte Unsere Ortsgruppe [&hellip;]","og_url":"https:\/\/www.pfadfinder-ms.de\/?page_id=62","og_site_name":"BdP Stamm `totila\u00b4","article_modified_time":"2026-03-15T21:04:42+00:00","og_image":[{"width":2560,"height":1704,"url":"https:\/\/www.pfadfinder-ms.de\/wp-content\/uploads\/2025\/03\/DSC3021-scaled.jpg","type":"image\/jpeg"}],"twitter_card":"summary_large_image","twitter_misc":{"Gesch\u00e4tzte Lesezeit":"2\u00a0Minuten"},"schema":{"@context":"https:\/\/schema.org","@graph":[{"@type":"WebPage","@id":"https:\/\/www.pfadfinder-ms.de\/?page_id=62","url":"https:\/\/www.pfadfinder-ms.de\/?page_id=62","name":"\u00dcber uns - BdP Stamm `totila\u00b4","isPartOf":{"@id":"https:\/\/www.pfadfinder-ms.de\/#website"},"primaryImageOfPage":{"@id":"https:\/\/www.pfadfinder-ms.de\/?page_id=62#primaryimage"},"image":{"@id":"https:\/\/www.pfadfinder-ms.de\/?page_id=62#primaryimage"},"thumbnailUrl":"https:\/\/www.pfadfinder-ms.de\/wp-content\/uploads\/2025\/03\/DSC3021-scaled.jpg","datePublished":"2021-04-20T14:42:32+00:00","dateModified":"2026-03-15T21:04:42+00:00","breadcrumb":{"@id":"https:\/\/www.pfadfinder-ms.de\/?page_id=62#breadcrumb"},"inLanguage":"de","potentialAction":[{"@type":"ReadAction","target":["https:\/\/www.pfadfinder-ms.de\/?page_id=62"]}]},{"@type":"ImageObject","inLanguage":"de","@id":"https:\/\/www.pfadfinder-ms.de\/?page_id=62#primaryimage","url":"https:\/\/www.pfadfinder-ms.de\/wp-content\/uploads\/2025\/03\/DSC3021-scaled.jpg","contentUrl":"https:\/\/www.pfadfinder-ms.de\/wp-content\/uploads\/2025\/03\/DSC3021-scaled.jpg","width":2560,"height":1704},{"@type":"BreadcrumbList","@id":"https:\/\/www.pfadfinder-ms.de\/?page_id=62#breadcrumb","itemListElement":[{"@type":"ListItem","position":1,"name":"Startseite","item":"https:\/\/www.pfadfinder-ms.de\/"},{"@type":"ListItem","position":2,"name":"\u00dcber uns"}]},{"@type":"WebSite","@id":"https:\/\/www.pfadfinder-ms.de\/#website","url":"https:\/\/www.pfadfinder-ms.de\/","name":"BdP Stamm `totila\u00b4","description":"Aktionsberichte","potentialAction":[{"@type":"SearchAction","target":{"@type":"EntryPoint","urlTemplate":"https:\/\/www.pfadfinder-ms.de\/?s={search_term_string}"},"query-input":{"@type":"PropertyValueSpecification","valueRequired":true,"valueName":"search_term_string"}}],"inLanguage":"de"}]}},"_links":{"self":[{"href":"https:\/\/www.pfadfinder-ms.de\/index.php?rest_route=\/wp\/v2\/pages\/62","targetHints":{"allow":["GET"]}}],"collection":[{"href":"https:\/\/www.pfadfinder-ms.de\/index.php?rest_route=\/wp\/v2\/pages"}],"about":[{"href":"https:\/\/www.pfadfinder-ms.de\/index.php?rest_route=\/wp\/v2\/types\/page"}],"author":[{"embeddable":true,"href":"https:\/\/www.pfadfinder-ms.de\/index.php?rest_route=\/wp\/v2\/users\/1"}],"replies":[{"embeddable":true,"href":"https:\/\/www.pfadfinder-ms.de\/index.php?rest_route=%2Fwp%2Fv2%2Fcomments&post=62"}],"version-history":[{"count":15,"href":"https:\/\/www.pfadfinder-ms.de\/index.php?rest_route=\/wp\/v2\/pages\/62\/revisions"}],"predecessor-version":[{"id":326,"href":"https:\/\/www.pfadfinder-ms.de\/index.php?rest_route=\/wp\/v2\/pages\/62\/revisions\/326"}],"wp:featuredmedia":[{"embeddable":true,"href":"https:\/\/www.pfadfinder-ms.de\/index.php?rest_route=\/wp\/v2\/media\/866"}],"wp:attachment":[{"href":"https:\/\/www.pfadfinder-ms.de\/index.php?rest_route=%2Fwp%2Fv2%2Fmedia&parent=62"}],"curies":[{"name":"wp","href":"https:\/\/api.w.org\/{rel}","templated":true}]}}